b - 4*o - 30 = 0, 3*o = -y*b + b - 19. Let l = 18 + b. What is the tens digit of l?
2
Suppose 0 = -5*h - 5*t + 3459 + 4261, -5*h - 4*t + 7718 = 0. What is the hundreds digit of h?
5
Suppose 3*n = 5*n - d - 275, 0 = 2*n + 3*d - 255. Let z = n + -61. What is the units digit of z?
4
Let m(q) = 2*q**2 + 9*q + 57. What is the hundreds digit of m(12)?
4
Let c(m) be the second derivative of m**4/12 + 5*m**3/6 - 5*m**2/2 - m + 6. Suppose -3*n - 30 = 2*n. What is the units digit of c(n)?
1
What is the tens digit of (50 + -32)/(2/423)?
0
What is the units digit of (-178)/(-356)*(-566 + 0)*-2?
6
Suppose -j = 5*o + 2*j + 520, -j + 416 = -4*o. Let v be (-3)/5 - o/40. Suppose -v*a = 3*y - 14 - 16, 5*y = 5*a - 100. What is the units digit of a?
8
Let s(k) = -k**3 - 8*k**2 + 6*k - 5. Let r be s(-9). What is the tens digit of 3*3/(18/r)?
1
Let u = 33 - 26. Suppose 5*z + 119 = 2*w, 0 = -w + 4*z + 51 + u. What is the units digit of w?
2
Suppose 8682 = 32*t - 26*t. What is the hundreds digit of t?
4
Let j(h) = 3*h**3 - 27*h**2 - 19*h + 34. What is the units digit of j(12)?
2
Let c = -7 - -3. Let k(l) = -23*l + 6. Let m be k(c). Suppose 4*i + 108 = t + 3*t, 4*t + i = m. What is the tens digit of t?
2
Suppose r + 4*u = -191, 2*r + 153 = -4*u - 209. Let i be (-20)/(-15)*r/6. Let f = i - -60. What is the units digit of f?
2
Suppose 0 = 2*g + g - 6. Let l(o) = 5*o + o - g*o - 5*o + 5. What is the units digit of l(-8)?
3
Suppose -7688 = -44*c + 36*c. What is the tens digit of c?
6
Let d be (2 + 0)*(2 - 1). Suppose -4*v + 4 + 0 = d*k, -k + 5*v = 5. Suppose k = -2*z - 8, c + c = -z + 66. What is the tens digit of c?
3
Suppose 15 = 4*d + 3*u, -d + 5*d + 20 = 4*u. Suppose -3*q - 72 = -4*q - 3*n, d = -3*n. What is the tens digit of q?
7
Let d(x) = -166*x + 296. What is the units digit of d(-24)?
0
Suppose 2 = -t - 4*q + 5, -4*q - 12 = 4*t. What is the tens digit of (3 - 3)/(t/5) - -265?
6
Let f(t) = 19*t**2 - 2*t + 5. What is the tens digit of f(-5)?
9
Suppose -n - 4*n = 0. Let c be (15 - n)/((-6)/(-16)). Let h = c - 4. What is the units digit of h?
6
Let y(a) = -a**2 - 5*a - 5. Let x = 2 - 4. Let l be y(x). What is the units digit of 3 - -1 - (-13 + l)?
6
Suppose -62*q - 2*q = -191232. What is the units digit of q?
8
Let l(d) = 2*d - 3. Let g be l(3). Suppose -65 = -w - 4*i, 5*i + g = -22. What is the units digit of w?
5
What is the tens digit of (396/54 - 7)*6834/2?
3
Suppose 5*b - 3*t = 120, 2*b = 6*b - 2*t - 98. Suppose g - b = -10. Suppose 0 = -q + 29 + g. What is the units digit of q?
6
Let o(a) = a**3 - 12*a**2 + a - 54. Let j be o(13). Let n(y) = 2*y - 1. Let k be n(2). Suppose -j = -7*x + k*x. What is the units digit of x?
2
Let d = -2629 - -4497. What is the tens digit of d?
6
What is the tens digit of (-16836)/61*(-9)/2?
4
Suppose -251 - 2023 = -6*a. What is the hundreds digit of a?
3
Let w be 4/(-2) - (-14 + 6). Suppose y = 3, 64 = 2*u - 2*y - w. Suppose 3*n - u = 94. What is the units digit of n?
4
Suppose -869*h = -872*h + 3705. What is the tens digit of h?
3
Let t(r) = -r**3 + 7*r**2. Let x(k) = -k**2 + 6*k + 7. Let a be x(6). Let i be t(a). Suppose -32 = -5*g + 3*d - 7, 3*d = i. What is the units digit of g?
5
Suppose 0 = 7*g - 8*g + 339. What is the hundreds digit of g?
3
Suppose 0 = t - 243 - 33. Suppose 7*d = 802 + t. What is the units digit of d?
4
Suppose 0 = 3*t + f - 22, -3*t + 0*t + f + 20 = 0. What is the tens digit of 306/t + (-18)/(-63)?
4
Suppose -5553*c + 5558*c = 15120. What is the tens digit of c?
2
Suppose 3*k - 16 + 4 = 0. Suppose 5*d - 5 = k*d. Suppose -4*l + 198 = -2*t, -d*l - 3*t - 37 + 279 = 0. What is the units digit of l?
9
Suppose 4*o = -0*o + 12. Let x be (101 + 1)*2/o. Let v = x - 41. What is the tens digit of v?
2
Let q be (30/(-9) - -3)*3. Let b be q - 2/((-2)/(-3)). What is the tens digit of (-38)/(-4) + (-2)/b?
1
What is the units digit of (-21)/28*((-24)/9 - 0)?
2
Let h be 3/((-4)/16 - -1). Suppose g - 15 = h*g. What is the units digit of g*(-6 - (-3)/3)?
5
Let i(t) = 71*t**2 + 2*t + 2. Suppose 6 = 4*o - 10*o. What is the units digit of i(o)?
1
Let u(h) = 53*h**2 + 7*h - 1. Let g be u(2). What is the tens digit of 5 + (-5 - g)/(-2)?
2
Suppose -9*w + 91 = -188. Let g = -26 + w. What is the units digit of g?
5
Suppose -4*v - 4 = -0*v, 11 = 2*q - v. Suppose 0*a = -q*a + 2*h + 159, -2*a - 3*h = -56. What is the tens digit of 1/2 + a/2?
1
Let f(w) = -7*w**2 + 66*w - 9. Let d(o) = 10*o**2 - 99*o + 14. Let g(x) = -5*d(x) - 7*f(x). What is the units digit of g(22)?
5
Suppose 41*o - 38*o = -15. What is the units digit of 4/o + 389/5?
7
Let y(b) = 10*b + 290. What is the hundreds digit of y(11)?
4
Let a(s) = 8*s**2 - 39*s + 267. What is the thousands digit of a(14)?
1
Suppose 5*r - 2290 = -5*o, -3*o - 76 - 362 = -r. What is the hundreds digit of r?
4
Suppose 96 = n - 2*m + 19, 2*n = -2*m + 184. What is the units digit of (-4)/5*(-3 - n)?
2
Let g(k) be the first derivative of -k**4/12 - 11*k**3/6 + 13*k**2/2 + 10*k + 9. Let c(l) be the first derivative of g(l). What is the tens digit of c(-9)?
3
Suppose -997 + 82 = -3*m. Suppose -5*w + m = 2*y + 3*y, 0 = -y. What is the tens digit of w?
6
Let r(k) = -k**2 - 15*k + 16. Suppose -4*x = 20 + 32. What is the units digit of r(x)?
2
Suppose 5*i - 2278 = -2*p, -3*p + 3396 = -6*i + 3*i. What is the hundreds digit of p?
1
Suppose 6*s - 10*s = -24. Let o(x) = x**2 - 8*x + s*x - 3 + 4*x. What is the units digit of o(5)?
2
Let x(w) be the third derivative of w**6/30 + w**5/30 + w**4/4 + w**3/2 - 12*w**2. Let a be x(3). What is the tens digit of (8/(-12))/((-2)/a)?
4
Let z be (-2)/(3/4 + -1). Let s = 12 - z. What is the units digit of ((-4)/(-10))/(s/80)?
8
Let b(u) = u**2 - 2*u + 3. Let p be b(2). Let j be (4/2)/(-2)*-2. What is the units digit of 1/(p*j/114)?
9
Let c = -9 + 8. Let i be (c/(-4))/((-6)/(-1272)). Suppose -4*b - q + i = 0, -55 = -5*b - 6*q + q. What is the units digit of b?
4
Let t be (-2)/(6/(-453)) - -1. Let h = t + -99. Suppose 2*l + 78 = 2*f + 4*l, -2*f + 3*l = -h. What is the tens digit of f?
3
Suppose 0*n - 8 = 4*n - 4*c, 0 = 5*c. Let v be (n - -1) + 3/1. Suppose -4 = r, 0 = v*p - 3*r - 18 - 40. What is the tens digit of p?
2
Let q(f) = -7*f**2 + 23*f + 2. Let v(y) = -6*y**2 + 22*y + 2. Let t(m) = -5*q(m) + 6*v(m). What is the units digit of t(14)?
4
Let l(n) = -14 - 4*n + 9*n + 15*n + 5*n. What is the tens digit of l(7)?
6
Let j(z) = -z**2 - 11*z + 491. What is the hundreds digit of j(0)?
4
Suppose 6875 = 27*s - 2*s. What is the hundreds digit of s?
2
Let o(u) = 8*u**2 + u + 1. Let q be (-24)/42 - (-6)/(-14). What is the units digit of o(q)?
8
Let h(f) = 2*f**2 + 9*f + 10. Suppose 3*a - 5*a + 32 = 0. Suppose -a - 8 = 3*n. What is the tens digit of h(n)?
6
Suppose 708 = 2*c + 2*j, 3*j - 308 = -2*c + 403. Suppose 0 = 4*s - 3*z - c, 3*s + 4*z = 4*s - 78. What is the tens digit of s?
9
Let k(b) = -2*b**3 - 5*b**2 + 7*b - 2. Let r(c) = 3*c**3 + 10*c**2 - 13*c + 3. Let a(q) = -5*k(q) - 3*r(q). What is the tens digit of a(6)?
6
What is the units digit of 186/4*3*(3 - -1)?
8
Suppose -4*d + 3776 = 640. What is the units digit of d?
4
Let n(b) be the second derivative of -b**3/6 + 15*b**2/2 + b. What is the tens digit of n(-9)?
2
Suppose 3*b - 9 = 0, -5*b = -0*u - 5*u + 45. Let d(j) = -j**2 - 14*j - 26. Let g be d(-4). Suppose -u*n = -13*n + g. What is the tens digit of n?
1
Let k = 484 + -64. What is the tens digit of k?
2
Suppose 0 = -s + 1, -3*s - 168 = -4*b + 305. What is the hundreds digit of b?
1
Let c(v) = 2*v**3 - 11*v**2 - v + 15. Let g(i) = -5*i**3 + 33*i**2 + 3*i - 44. Let f(u) = 8*c(u) + 3*g(u). What is the tens digit of f(-10)?
7
Suppose 208 = 4*f - 68. Let m = -25 + f. What is the units digit of m?
4
Suppose 2*g - f - 292 = 0, 5*g + 25 = 3*f + 755. Suppose 0 = -q + 4*w + g, -q + 4*w + 560 = 3*q. Suppose q = 4*o - 130. What is the units digit of o?
7
Suppose 35 = -4*n + 3*n. Let s = -32 - n. Suppose s*b - 108 = -6. What is the units digit of b?
4
Let k(q) = 68*q + 744. What is the thousands digit of k(9)?
1
Suppose 0*s - b - 184 = -3*s, 0 = 4*s + 5*b - 239. Let r = s + -49. What is the units digit of r?
2
Let h be 24/(-20)*(-765)/6. Suppose -383 - h = -4*x. What is the hundreds digit of x?
1
Let a = 4 + 0. Let l(u) = -3*u**2 - 8*u - 16. Let z(q) = 2*q**2 + 7*q + 15. Let i(